{"version":"1.0","provider_name":"Gimn\u00e0stic de Tarragona SAD","provider_url":"https:\/\/gimnasticdetarragona.cat\/es\/","author_name":"Comunicacion","author_url":"https:\/\/gimnasticdetarragona.cat\/es\/author\/comunicacion\/","title":"Carla Plana, bicampeona de Europa - Gimn\u00e0stic de Tarragona SAD","type":"rich","width":600,"height":338,"html":"<blockquote class=\"wp-embedded-content\" data-secret=\"CpwvbzJIJb\"><a href=\"https:\/\/gimnasticdetarragona.cat\/es\/carla-plana-bicampiona-deuropa\/\">Carla Plana, bicampeona de Europa<\/a><\/blockquote><iframe sandbox=\"allow-scripts\" security=\"restricted\" src=\"https:\/\/gimnasticdetarragona.cat\/es\/carla-plana-bicampiona-deuropa\/embed\/#?secret=CpwvbzJIJb\" width=\"600\" height=\"338\" title=\"\u00abCarla Plana, bicampeona de Europa\u00bb \u2014 Gimn\u00e0stic de Tarragona SAD\" data-secret=\"CpwvbzJIJb\" frameborder=\"0\" marginwidth=\"0\" marginheight=\"0\" scrolling=\"no\" class=\"wp-embedded-content\"><\/iframe><script>\n\/*! This file is auto-generated *\/\n!function(d,l){\"use strict\";l.querySelector&&d.addEventListener&&\"undefined\"!=typeof URL&&(d.wp=d.wp||{},d.wp.receiveEmbedMessage||(d.wp.receiveEmbedMessage=function(e){var t=e.data;if((t||t.secret||t.message||t.value)&&!\/[^a-zA-Z0-9]\/.test(t.secret)){for(var s,r,n,a=l.querySelectorAll('iframe[data-secret=\"'+t.secret+'\"]'),o=l.querySelectorAll('blockquote[data-secret=\"'+t.secret+'\"]'),c=new RegExp(\"^https?:$\",\"i\"),i=0;i<o.length;i++)o[i].style.display=\"none\";for(i=0;i<a.length;i++)s=a[i],e.source===s.contentWindow&&(s.removeAttribute(\"style\"),\"height\"===t.message?(1e3<(r=parseInt(t.value,10))?r=1e3:~~r<200&&(r=200),s.height=r):\"link\"===t.message&&(r=new URL(s.getAttribute(\"src\")),n=new URL(t.value),c.test(n.protocol))&&n.host===r.host&&l.activeElement===s&&(d.top.location.href=t.value))}},d.addEventListener(\"message\",d.wp.receiveEmbedMessage,!1),l.addEventListener(\"DOMContentLoaded\",function(){for(var e,t,s=l.querySelectorAll(\"iframe.wp-embedded-content\"),r=0;r<s.length;r++)(t=(e=s[r]).getAttribute(\"data-secret\"))||(t=Math.random().toString(36).substring(2,12),e.src+=\"#?secret=\"+t,e.setAttribute(\"data-secret\",t)),e.contentWindow.postMessage({message:\"ready\",secret:t},\"*\")},!1)))}(window,document);\n\/\/# sourceURL=https:\/\/gimnasticdetarragona.cat\/wp-includes\/js\/wp-embed.min.js\n<\/script>\n","thumbnail_url":"https:\/\/gimnasticdetarragona.cat\/wp-content\/uploads\/2024\/07\/WhatsApp-Image-2024-07-23-at-17.31.30.jpeg","thumbnail_width":1600,"thumbnail_height":897,"description":"La deportista tarraconense Carla Plana, patinadora del Club Gimn\u00e0stic de Tarragona, ya se ha colgado dos medallas de oro en el Campeonato de Europa 2024 que se est\u00e1 disputando en Ostende, B\u00e9lgica. Ha estado en el fondo, sus pruebas reina, donde ha logrado ambos oros. La primera carrera fue el viernes, en los 5000m eliminaci\u00f3n, [&hellip;]"}

Gimnàstic de Tarragona SAD

Carla Plana, bicampeona de Europa - Gimnàstic de Tarragona SAD

<blockquote class="wp-embedded-content" data-secret="CpwvbzJIJb"><a href="https://gimnasticdetarragona.cat/es/carla-plana-bicampiona-deuropa/">Carla Plana, bicampeona de Europa</a></blockquote><iframe sandbox="allow-scripts" security="restricted" src="https://gimnasticdetarragona.cat/es/carla-plana-bicampiona-deuropa/embed/#?secret=CpwvbzJIJb" width="600" height="338" title="«Carla Plana, bicampeona de Europa» — Gimnàstic de Tarragona SAD" data-secret="CpwvbzJIJb" frameborder="0" marginwidth="0" marginheight="0" scrolling="no" class="wp-embedded-content"></iframe><script>
/*! This file is auto-generated */
!function(d,l){"use strict";l.querySelector&&d.addEventListener&&"undefined"!=typeof URL&&(d.wp=d.wp||{},d.wp.receiveEmbedMessage||(d.wp.receiveEmbedMessage=function(e){var t=e.data;if((t||t.secret||t.message||t.value)&&!/[^a-zA-Z0-9]/.test(t.secret)){for(var s,r,n,a=l.querySelectorAll('iframe[data-secret="'+t.secret+'"]'),o=l.querySelectorAll('blockquote[data-secret="'+t.secret+'"]'),c=new RegExp("^https?:$","i"),i=0;i<o.length;i++)o[i].style.display="none";for(i=0;i<a.length;i++)s=a[i],e.source===s.contentWindow&&(s.removeAttribute("style"),"height"===t.message?(1e3<(r=parseInt(t.value,10))?r=1e3:~~r<200&&(r=200),s.height=r):"link"===t.message&&(r=new URL(s.getAttribute("src")),n=new URL(t.value),c.test(n.protocol))&&n.host===r.host&&l.activeElement===s&&(d.top.location.href=t.value))}},d.addEventListener("message",d.wp.receiveEmbedMessage,!1),l.addEventListener("DOMContentLoaded",function(){for(var e,t,s=l.querySelectorAll("iframe.wp-embedded-content"),r=0;r<s.length;r++)(t=(e=s[r]).getAttribute("data-secret"))||(t=Math.random().toString(36).substring(2,12),e.src+="#?secret="+t,e.setAttribute("data-secret",t)),e.contentWindow.postMessage({message:"ready",secret:t},"*")},!1)))}(window,document);
//# sourceURL=https://gimnasticdetarragona.cat/wp-includes/js/wp-embed.min.js
</script>

La deportista tarraconense Carla Plana, patinadora del Club Gimnàstic de Tarragona, ya se ha colgado dos medallas de oro en el Campeonato de Europa 2024 que se está disputando en Ostende, Bélgica. Ha estado en el fondo, sus pruebas reina, donde ha logrado ambos oros. La primera carrera fue el viernes, en los 5000m eliminación, [&hellip;]
