{"version":"1.0","provider_name":"Gimn\u00e0stic de Tarragona SAD","provider_url":"https:\/\/gimnasticdetarragona.cat\/es\/","author_name":"Comunicacion","author_url":"https:\/\/gimnasticdetarragona.cat\/es\/author\/comunicacion\/","title":"Cedric vestir\u00e1 de grana - Gimn\u00e0stic de Tarragona SAD","type":"rich","width":600,"height":338,"html":"<blockquote class=\"wp-embedded-content\" data-secret=\"k07Uhn2bZW\"><a href=\"https:\/\/gimnasticdetarragona.cat\/es\/cedric-vestira-de-grana\/\">Cedric vestir\u00e1 de grana<\/a><\/blockquote><iframe sandbox=\"allow-scripts\" security=\"restricted\" src=\"https:\/\/gimnasticdetarragona.cat\/es\/cedric-vestira-de-grana\/embed\/#?secret=k07Uhn2bZW\" width=\"600\" height=\"338\" title=\"\u00abCedric vestir\u00e1 de grana\u00bb \u2014 Gimn\u00e0stic de Tarragona SAD\" data-secret=\"k07Uhn2bZW\" frameborder=\"0\" marginwidth=\"0\" marginheight=\"0\" scrolling=\"no\" class=\"wp-embedded-content\"><\/iframe><script>\n\/*! This file is auto-generated *\/\n!function(d,l){\"use strict\";l.querySelector&&d.addEventListener&&\"undefined\"!=typeof URL&&(d.wp=d.wp||{},d.wp.receiveEmbedMessage||(d.wp.receiveEmbedMessage=function(e){var t=e.data;if((t||t.secret||t.message||t.value)&&!\/[^a-zA-Z0-9]\/.test(t.secret)){for(var s,r,n,a=l.querySelectorAll('iframe[data-secret=\"'+t.secret+'\"]'),o=l.querySelectorAll('blockquote[data-secret=\"'+t.secret+'\"]'),c=new RegExp(\"^https?:$\",\"i\"),i=0;i<o.length;i++)o[i].style.display=\"none\";for(i=0;i<a.length;i++)s=a[i],e.source===s.contentWindow&&(s.removeAttribute(\"style\"),\"height\"===t.message?(1e3<(r=parseInt(t.value,10))?r=1e3:~~r<200&&(r=200),s.height=r):\"link\"===t.message&&(r=new URL(s.getAttribute(\"src\")),n=new URL(t.value),c.test(n.protocol))&&n.host===r.host&&l.activeElement===s&&(d.top.location.href=t.value))}},d.addEventListener(\"message\",d.wp.receiveEmbedMessage,!1),l.addEventListener(\"DOMContentLoaded\",function(){for(var e,t,s=l.querySelectorAll(\"iframe.wp-embedded-content\"),r=0;r<s.length;r++)(t=(e=s[r]).getAttribute(\"data-secret\"))||(t=Math.random().toString(36).substring(2,12),e.src+=\"#?secret=\"+t,e.setAttribute(\"data-secret\",t)),e.contentWindow.postMessage({message:\"ready\",secret:t},\"*\")},!1)))}(window,document);\n\/\/# sourceURL=https:\/\/gimnasticdetarragona.cat\/wp-includes\/js\/wp-embed.min.js\n<\/script>\n","thumbnail_url":"https:\/\/gimnasticdetarragona.cat\/wp-content\/uploads\/2025\/07\/BENVINGUT-Cedric-Omoigui.jpg","thumbnail_width":1281,"thumbnail_height":1488,"description":"Nuevo delantero contrastado se incorpora al N\u00e0stic Cedric Omoigui Olague (Benin City, Nigeria, 11 de noviembre de 1994) se une al Gimn\u00e0stic de Tarragona firmando un contrato hasta el 30 de junio de 2028. El delantero se convierte en el s\u00e9ptimo fichaje para la pr\u00f3xima temporada deportiva 2025-2026, tras finalizar su vinculaci\u00f3n con el CF [&hellip;]"}

Gimnàstic de Tarragona SAD

Cedric vestirá de grana - Gimnàstic de Tarragona SAD

<blockquote class="wp-embedded-content" data-secret="k07Uhn2bZW"><a href="https://gimnasticdetarragona.cat/es/cedric-vestira-de-grana/">Cedric vestirá de grana</a></blockquote><iframe sandbox="allow-scripts" security="restricted" src="https://gimnasticdetarragona.cat/es/cedric-vestira-de-grana/embed/#?secret=k07Uhn2bZW" width="600" height="338" title="«Cedric vestirá de grana» — Gimnàstic de Tarragona SAD" data-secret="k07Uhn2bZW" frameborder="0" marginwidth="0" marginheight="0" scrolling="no" class="wp-embedded-content"></iframe><script>
/*! This file is auto-generated */
!function(d,l){"use strict";l.querySelector&&d.addEventListener&&"undefined"!=typeof URL&&(d.wp=d.wp||{},d.wp.receiveEmbedMessage||(d.wp.receiveEmbedMessage=function(e){var t=e.data;if((t||t.secret||t.message||t.value)&&!/[^a-zA-Z0-9]/.test(t.secret)){for(var s,r,n,a=l.querySelectorAll('iframe[data-secret="'+t.secret+'"]'),o=l.querySelectorAll('blockquote[data-secret="'+t.secret+'"]'),c=new RegExp("^https?:$","i"),i=0;i<o.length;i++)o[i].style.display="none";for(i=0;i<a.length;i++)s=a[i],e.source===s.contentWindow&&(s.removeAttribute("style"),"height"===t.message?(1e3<(r=parseInt(t.value,10))?r=1e3:~~r<200&&(r=200),s.height=r):"link"===t.message&&(r=new URL(s.getAttribute("src")),n=new URL(t.value),c.test(n.protocol))&&n.host===r.host&&l.activeElement===s&&(d.top.location.href=t.value))}},d.addEventListener("message",d.wp.receiveEmbedMessage,!1),l.addEventListener("DOMContentLoaded",function(){for(var e,t,s=l.querySelectorAll("iframe.wp-embedded-content"),r=0;r<s.length;r++)(t=(e=s[r]).getAttribute("data-secret"))||(t=Math.random().toString(36).substring(2,12),e.src+="#?secret="+t,e.setAttribute("data-secret",t)),e.contentWindow.postMessage({message:"ready",secret:t},"*")},!1)))}(window,document);
//# sourceURL=https://gimnasticdetarragona.cat/wp-includes/js/wp-embed.min.js
</script>

Nuevo delantero contrastado se incorpora al Nàstic Cedric Omoigui Olague (Benin City, Nigeria, 11 de noviembre de 1994) se une al Gimnàstic de Tarragona firmando un contrato hasta el 30 de junio de 2028. El delantero se convierte en el séptimo fichaje para la próxima temporada deportiva 2025-2026, tras finalizar su vinculación con el CF [&hellip;]
