{"version":"1.0","provider_name":"Gimn\u00e0stic de Tarragona SAD","provider_url":"https:\/\/gimnasticdetarragona.cat\/es\/","author_name":"desarrollo","author_url":"https:\/\/gimnasticdetarragona.cat\/es\/author\/desarrollo\/","title":"Inauguraci\u00f3n de la Pe\u00f1a Baix a Mar - Gimn\u00e0stic de Tarragona SAD","type":"rich","width":600,"height":338,"html":"<blockquote class=\"wp-embedded-content\" data-secret=\"ky2L1SkjzD\"><a href=\"https:\/\/gimnasticdetarragona.cat\/es\/inauguracion-de-la-pena-baix-a-mar\/\">Inauguraci\u00f3n de la Pe\u00f1a Baix a Mar<\/a><\/blockquote><iframe sandbox=\"allow-scripts\" security=\"restricted\" src=\"https:\/\/gimnasticdetarragona.cat\/es\/inauguracion-de-la-pena-baix-a-mar\/embed\/#?secret=ky2L1SkjzD\" width=\"600\" height=\"338\" title=\"\u00abInauguraci\u00f3n de la Pe\u00f1a Baix a Mar\u00bb \u2014 Gimn\u00e0stic de Tarragona SAD\" data-secret=\"ky2L1SkjzD\" frameborder=\"0\" marginwidth=\"0\" marginheight=\"0\" scrolling=\"no\" class=\"wp-embedded-content\"><\/iframe><script>\n\/*! This file is auto-generated *\/\n!function(d,l){\"use strict\";l.querySelector&&d.addEventListener&&\"undefined\"!=typeof URL&&(d.wp=d.wp||{},d.wp.receiveEmbedMessage||(d.wp.receiveEmbedMessage=function(e){var t=e.data;if((t||t.secret||t.message||t.value)&&!\/[^a-zA-Z0-9]\/.test(t.secret)){for(var s,r,n,a=l.querySelectorAll('iframe[data-secret=\"'+t.secret+'\"]'),o=l.querySelectorAll('blockquote[data-secret=\"'+t.secret+'\"]'),c=new RegExp(\"^https?:$\",\"i\"),i=0;i<o.length;i++)o[i].style.display=\"none\";for(i=0;i<a.length;i++)s=a[i],e.source===s.contentWindow&&(s.removeAttribute(\"style\"),\"height\"===t.message?(1e3<(r=parseInt(t.value,10))?r=1e3:~~r<200&&(r=200),s.height=r):\"link\"===t.message&&(r=new URL(s.getAttribute(\"src\")),n=new URL(t.value),c.test(n.protocol))&&n.host===r.host&&l.activeElement===s&&(d.top.location.href=t.value))}},d.addEventListener(\"message\",d.wp.receiveEmbedMessage,!1),l.addEventListener(\"DOMContentLoaded\",function(){for(var e,t,s=l.querySelectorAll(\"iframe.wp-embedded-content\"),r=0;r<s.length;r++)(t=(e=s[r]).getAttribute(\"data-secret\"))||(t=Math.random().toString(36).substring(2,12),e.src+=\"#?secret=\"+t,e.setAttribute(\"data-secret\",t)),e.contentWindow.postMessage({message:\"ready\",secret:t},\"*\")},!1)))}(window,document);\n\/\/# sourceURL=https:\/\/gimnasticdetarragona.cat\/wp-includes\/js\/wp-embed.min.js\n<\/script>\n","description":"Este jueves d\u00eda 15 de febrero, a las 20h, se ha inagurado la Penya N\u00e0stic Baix a Mar de Torredembarra, con sede social en la calle Industria, en el Bar Sport. Al acto de inauguraci\u00f3n han asistido miembros del consejo de administraci\u00f3n, con el presidente Ra\u00fcl Font al delante, y los jugadores del N\u00e0stic Calvo, [&hellip;]"}

Gimnàstic de Tarragona SAD

Inauguración de la Peña Baix a Mar - Gimnàstic de Tarragona SAD

<blockquote class="wp-embedded-content" data-secret="ky2L1SkjzD"><a href="https://gimnasticdetarragona.cat/es/inauguracion-de-la-pena-baix-a-mar/">Inauguración de la Peña Baix a Mar</a></blockquote><iframe sandbox="allow-scripts" security="restricted" src="https://gimnasticdetarragona.cat/es/inauguracion-de-la-pena-baix-a-mar/embed/#?secret=ky2L1SkjzD" width="600" height="338" title="«Inauguración de la Peña Baix a Mar» — Gimnàstic de Tarragona SAD" data-secret="ky2L1SkjzD" frameborder="0" marginwidth="0" marginheight="0" scrolling="no" class="wp-embedded-content"></iframe><script>
/*! This file is auto-generated */
!function(d,l){"use strict";l.querySelector&&d.addEventListener&&"undefined"!=typeof URL&&(d.wp=d.wp||{},d.wp.receiveEmbedMessage||(d.wp.receiveEmbedMessage=function(e){var t=e.data;if((t||t.secret||t.message||t.value)&&!/[^a-zA-Z0-9]/.test(t.secret)){for(var s,r,n,a=l.querySelectorAll('iframe[data-secret="'+t.secret+'"]'),o=l.querySelectorAll('blockquote[data-secret="'+t.secret+'"]'),c=new RegExp("^https?:$","i"),i=0;i<o.length;i++)o[i].style.display="none";for(i=0;i<a.length;i++)s=a[i],e.source===s.contentWindow&&(s.removeAttribute("style"),"height"===t.message?(1e3<(r=parseInt(t.value,10))?r=1e3:~~r<200&&(r=200),s.height=r):"link"===t.message&&(r=new URL(s.getAttribute("src")),n=new URL(t.value),c.test(n.protocol))&&n.host===r.host&&l.activeElement===s&&(d.top.location.href=t.value))}},d.addEventListener("message",d.wp.receiveEmbedMessage,!1),l.addEventListener("DOMContentLoaded",function(){for(var e,t,s=l.querySelectorAll("iframe.wp-embedded-content"),r=0;r<s.length;r++)(t=(e=s[r]).getAttribute("data-secret"))||(t=Math.random().toString(36).substring(2,12),e.src+="#?secret="+t,e.setAttribute("data-secret",t)),e.contentWindow.postMessage({message:"ready",secret:t},"*")},!1)))}(window,document);
//# sourceURL=https://gimnasticdetarragona.cat/wp-includes/js/wp-embed.min.js
</script>

Este jueves día 15 de febrero, a las 20h, se ha inagurado la Penya Nàstic Baix a Mar de Torredembarra, con sede social en la calle Industria, en el Bar Sport. Al acto de inauguración han asistido miembros del consejo de administración, con el presidente Raül Font al delante, y los jugadores del Nàstic Calvo, [&hellip;]
