{"version":"1.0","provider_name":"Gimn\u00e0stic de Tarragona SAD","provider_url":"https:\/\/gimnasticdetarragona.cat\/es\/","author_name":"desarrollo","author_url":"https:\/\/gimnasticdetarragona.cat\/es\/author\/desarrollo\/","title":"Los convocados - Gimn\u00e0stic de Tarragona SAD","type":"rich","width":600,"height":338,"html":"<blockquote class=\"wp-embedded-content\" data-secret=\"0EZ8yPcAEK\"><a href=\"https:\/\/gimnasticdetarragona.cat\/es\/los-convocados\/\">Los convocados<\/a><\/blockquote><iframe sandbox=\"allow-scripts\" security=\"restricted\" src=\"https:\/\/gimnasticdetarragona.cat\/es\/los-convocados\/embed\/#?secret=0EZ8yPcAEK\" width=\"600\" height=\"338\" title=\"\u00abLos convocados\u00bb \u2014 Gimn\u00e0stic de Tarragona SAD\" data-secret=\"0EZ8yPcAEK\" frameborder=\"0\" marginwidth=\"0\" marginheight=\"0\" scrolling=\"no\" class=\"wp-embedded-content\"><\/iframe><script>\n\/*! This file is auto-generated *\/\n!function(d,l){\"use strict\";l.querySelector&&d.addEventListener&&\"undefined\"!=typeof URL&&(d.wp=d.wp||{},d.wp.receiveEmbedMessage||(d.wp.receiveEmbedMessage=function(e){var t=e.data;if((t||t.secret||t.message||t.value)&&!\/[^a-zA-Z0-9]\/.test(t.secret)){for(var s,r,n,a=l.querySelectorAll('iframe[data-secret=\"'+t.secret+'\"]'),o=l.querySelectorAll('blockquote[data-secret=\"'+t.secret+'\"]'),c=new RegExp(\"^https?:$\",\"i\"),i=0;i<o.length;i++)o[i].style.display=\"none\";for(i=0;i<a.length;i++)s=a[i],e.source===s.contentWindow&&(s.removeAttribute(\"style\"),\"height\"===t.message?(1e3<(r=parseInt(t.value,10))?r=1e3:~~r<200&&(r=200),s.height=r):\"link\"===t.message&&(r=new URL(s.getAttribute(\"src\")),n=new URL(t.value),c.test(n.protocol))&&n.host===r.host&&l.activeElement===s&&(d.top.location.href=t.value))}},d.addEventListener(\"message\",d.wp.receiveEmbedMessage,!1),l.addEventListener(\"DOMContentLoaded\",function(){for(var e,t,s=l.querySelectorAll(\"iframe.wp-embedded-content\"),r=0;r<s.length;r++)(t=(e=s[r]).getAttribute(\"data-secret\"))||(t=Math.random().toString(36).substring(2,12),e.src+=\"#?secret=\"+t,e.setAttribute(\"data-secret\",t)),e.contentWindow.postMessage({message:\"ready\",secret:t},\"*\")},!1)))}(window,document);\n\/\/# sourceURL=https:\/\/gimnasticdetarragona.cat\/wp-includes\/js\/wp-embed.min.js\n<\/script>\n","description":"Paco Flores di\u00f3 hoy viernes los 18 convocados que se desplazar\u00e1n a San Sebasti\u00e1n de cara al partido del domingo ante la R. Sociedad. Se trata de C\u00e1ceres, Mingo, Llera, Abel, Cu\u00e9llar, Portillo, Ruz, Rub\u00e9n P\u00e9rez, David Garc\u00eda, Ismael, Matell\u00e1n, Morales, Juan D\u00edaz, Generelo, Pinilla, Gil, Rub\u00e9n Castro y Bizzarri."}

Gimnàstic de Tarragona SAD

Los convocados - Gimnàstic de Tarragona SAD

<blockquote class="wp-embedded-content" data-secret="0EZ8yPcAEK"><a href="https://gimnasticdetarragona.cat/es/los-convocados/">Los convocados</a></blockquote><iframe sandbox="allow-scripts" security="restricted" src="https://gimnasticdetarragona.cat/es/los-convocados/embed/#?secret=0EZ8yPcAEK" width="600" height="338" title="«Los convocados» — Gimnàstic de Tarragona SAD" data-secret="0EZ8yPcAEK" frameborder="0" marginwidth="0" marginheight="0" scrolling="no" class="wp-embedded-content"></iframe><script>
/*! This file is auto-generated */
!function(d,l){"use strict";l.querySelector&&d.addEventListener&&"undefined"!=typeof URL&&(d.wp=d.wp||{},d.wp.receiveEmbedMessage||(d.wp.receiveEmbedMessage=function(e){var t=e.data;if((t||t.secret||t.message||t.value)&&!/[^a-zA-Z0-9]/.test(t.secret)){for(var s,r,n,a=l.querySelectorAll('iframe[data-secret="'+t.secret+'"]'),o=l.querySelectorAll('blockquote[data-secret="'+t.secret+'"]'),c=new RegExp("^https?:$","i"),i=0;i<o.length;i++)o[i].style.display="none";for(i=0;i<a.length;i++)s=a[i],e.source===s.contentWindow&&(s.removeAttribute("style"),"height"===t.message?(1e3<(r=parseInt(t.value,10))?r=1e3:~~r<200&&(r=200),s.height=r):"link"===t.message&&(r=new URL(s.getAttribute("src")),n=new URL(t.value),c.test(n.protocol))&&n.host===r.host&&l.activeElement===s&&(d.top.location.href=t.value))}},d.addEventListener("message",d.wp.receiveEmbedMessage,!1),l.addEventListener("DOMContentLoaded",function(){for(var e,t,s=l.querySelectorAll("iframe.wp-embedded-content"),r=0;r<s.length;r++)(t=(e=s[r]).getAttribute("data-secret"))||(t=Math.random().toString(36).substring(2,12),e.src+="#?secret="+t,e.setAttribute("data-secret",t)),e.contentWindow.postMessage({message:"ready",secret:t},"*")},!1)))}(window,document);
//# sourceURL=https://gimnasticdetarragona.cat/wp-includes/js/wp-embed.min.js
</script>

Paco Flores dió hoy viernes los 18 convocados que se desplazarán a San Sebastián de cara al partido del domingo ante la R. Sociedad. Se trata de Cáceres, Mingo, Llera, Abel, Cuéllar, Portillo, Ruz, Rubén Pérez, David García, Ismael, Matellán, Morales, Juan Díaz, Generelo, Pinilla, Gil, Rubén Castro y Bizzarri.
