{"version":"1.0","provider_name":"Gimn\u00e0stic de Tarragona SAD","provider_url":"https:\/\/gimnasticdetarragona.cat\/es\/","author_name":"desarrollo","author_url":"https:\/\/gimnasticdetarragona.cat\/es\/author\/desarrollo\/","title":"Rodri, nueva incorporaci\u00f3n de La Pobla - Gimn\u00e0stic de Tarragona SAD","type":"rich","width":600,"height":338,"html":"<blockquote class=\"wp-embedded-content\" data-secret=\"iS15lGpBbR\"><a href=\"https:\/\/gimnasticdetarragona.cat\/es\/rodri-nova-incorporacio-de-la-pobla\/\">Rodri, nueva incorporaci\u00f3n de La Pobla<\/a><\/blockquote><iframe sandbox=\"allow-scripts\" security=\"restricted\" src=\"https:\/\/gimnasticdetarragona.cat\/es\/rodri-nova-incorporacio-de-la-pobla\/embed\/#?secret=iS15lGpBbR\" width=\"600\" height=\"338\" title=\"\u00abRodri, nueva incorporaci\u00f3n de La Pobla\u00bb \u2014 Gimn\u00e0stic de Tarragona SAD\" data-secret=\"iS15lGpBbR\" frameborder=\"0\" marginwidth=\"0\" marginheight=\"0\" scrolling=\"no\" class=\"wp-embedded-content\"><\/iframe><script>\n\/*! This file is auto-generated *\/\n!function(d,l){\"use strict\";l.querySelector&&d.addEventListener&&\"undefined\"!=typeof URL&&(d.wp=d.wp||{},d.wp.receiveEmbedMessage||(d.wp.receiveEmbedMessage=function(e){var t=e.data;if((t||t.secret||t.message||t.value)&&!\/[^a-zA-Z0-9]\/.test(t.secret)){for(var s,r,n,a=l.querySelectorAll('iframe[data-secret=\"'+t.secret+'\"]'),o=l.querySelectorAll('blockquote[data-secret=\"'+t.secret+'\"]'),c=new RegExp(\"^https?:$\",\"i\"),i=0;i<o.length;i++)o[i].style.display=\"none\";for(i=0;i<a.length;i++)s=a[i],e.source===s.contentWindow&&(s.removeAttribute(\"style\"),\"height\"===t.message?(1e3<(r=parseInt(t.value,10))?r=1e3:~~r<200&&(r=200),s.height=r):\"link\"===t.message&&(r=new URL(s.getAttribute(\"src\")),n=new URL(t.value),c.test(n.protocol))&&n.host===r.host&&l.activeElement===s&&(d.top.location.href=t.value))}},d.addEventListener(\"message\",d.wp.receiveEmbedMessage,!1),l.addEventListener(\"DOMContentLoaded\",function(){for(var e,t,s=l.querySelectorAll(\"iframe.wp-embedded-content\"),r=0;r<s.length;r++)(t=(e=s[r]).getAttribute(\"data-secret\"))||(t=Math.random().toString(36).substring(2,12),e.src+=\"#?secret=\"+t,e.setAttribute(\"data-secret\",t)),e.contentWindow.postMessage({message:\"ready\",secret:t},\"*\")},!1)))}(window,document);\n\/\/# sourceURL=https:\/\/gimnasticdetarragona.cat\/wp-includes\/js\/wp-embed.min.js\n<\/script>\n","thumbnail_url":"https:\/\/gimnasticdetarragona.cat\/wp-content\/uploads\/2022\/06\/05233916108251.jpg","thumbnail_width":734,"thumbnail_height":490,"description":"El joven delantero Rodrigo Pascual Cuenca Duarte 'Rodri' (Asunci\u00f3n, Paraguay, 18 de mayo de 1996) se incorporar\u00e1 a la disciplina grana en calidad de cedido hasta 30 de junio de 2017. El futbolista llega procedente del Atl\u00e9tico Baleares y el Gimn\u00e0stic de Tarragona se reserva una opci\u00f3n de compra."}

Gimnàstic de Tarragona SAD

Rodri, nueva incorporación de La Pobla - Gimnàstic de Tarragona SAD

<blockquote class="wp-embedded-content" data-secret="iS15lGpBbR"><a href="https://gimnasticdetarragona.cat/es/rodri-nova-incorporacio-de-la-pobla/">Rodri, nueva incorporación de La Pobla</a></blockquote><iframe sandbox="allow-scripts" security="restricted" src="https://gimnasticdetarragona.cat/es/rodri-nova-incorporacio-de-la-pobla/embed/#?secret=iS15lGpBbR" width="600" height="338" title="«Rodri, nueva incorporación de La Pobla» — Gimnàstic de Tarragona SAD" data-secret="iS15lGpBbR" frameborder="0" marginwidth="0" marginheight="0" scrolling="no" class="wp-embedded-content"></iframe><script>
/*! This file is auto-generated */
!function(d,l){"use strict";l.querySelector&&d.addEventListener&&"undefined"!=typeof URL&&(d.wp=d.wp||{},d.wp.receiveEmbedMessage||(d.wp.receiveEmbedMessage=function(e){var t=e.data;if((t||t.secret||t.message||t.value)&&!/[^a-zA-Z0-9]/.test(t.secret)){for(var s,r,n,a=l.querySelectorAll('iframe[data-secret="'+t.secret+'"]'),o=l.querySelectorAll('blockquote[data-secret="'+t.secret+'"]'),c=new RegExp("^https?:$","i"),i=0;i<o.length;i++)o[i].style.display="none";for(i=0;i<a.length;i++)s=a[i],e.source===s.contentWindow&&(s.removeAttribute("style"),"height"===t.message?(1e3<(r=parseInt(t.value,10))?r=1e3:~~r<200&&(r=200),s.height=r):"link"===t.message&&(r=new URL(s.getAttribute("src")),n=new URL(t.value),c.test(n.protocol))&&n.host===r.host&&l.activeElement===s&&(d.top.location.href=t.value))}},d.addEventListener("message",d.wp.receiveEmbedMessage,!1),l.addEventListener("DOMContentLoaded",function(){for(var e,t,s=l.querySelectorAll("iframe.wp-embedded-content"),r=0;r<s.length;r++)(t=(e=s[r]).getAttribute("data-secret"))||(t=Math.random().toString(36).substring(2,12),e.src+="#?secret="+t,e.setAttribute("data-secret",t)),e.contentWindow.postMessage({message:"ready",secret:t},"*")},!1)))}(window,document);
//# sourceURL=https://gimnasticdetarragona.cat/wp-includes/js/wp-embed.min.js
</script>

El joven delantero Rodrigo Pascual Cuenca Duarte 'Rodri' (Asunción, Paraguay, 18 de mayo de 1996) se incorporará a la disciplina grana en calidad de cedido hasta 30 de junio de 2017. El futbolista llega procedente del Atlético Baleares y el Gimnàstic de Tarragona se reserva una opción de compra.
