{"version":"1.0","provider_name":"Gimn\u00e0stic de Tarragona SAD","provider_url":"https:\/\/gimnasticdetarragona.cat\/es\/","author_name":"desarrollo","author_url":"https:\/\/gimnasticdetarragona.cat\/es\/author\/desarrollo\/","title":"VI aniversario de la pe\u00f1a Passi\u00f3 Grana - Gimn\u00e0stic de Tarragona SAD","type":"rich","width":600,"height":338,"html":"<blockquote class=\"wp-embedded-content\" data-secret=\"217CJQoBLI\"><a href=\"https:\/\/gimnasticdetarragona.cat\/es\/vi-aniversario-de-la-pena-passio-grana\/\">VI aniversario de la pe\u00f1a Passi\u00f3 Grana<\/a><\/blockquote><iframe sandbox=\"allow-scripts\" security=\"restricted\" src=\"https:\/\/gimnasticdetarragona.cat\/es\/vi-aniversario-de-la-pena-passio-grana\/embed\/#?secret=217CJQoBLI\" width=\"600\" height=\"338\" title=\"\u00abVI aniversario de la pe\u00f1a Passi\u00f3 Grana\u00bb \u2014 Gimn\u00e0stic de Tarragona SAD\" data-secret=\"217CJQoBLI\" frameborder=\"0\" marginwidth=\"0\" marginheight=\"0\" scrolling=\"no\" class=\"wp-embedded-content\"><\/iframe><script>\n\/*! This file is auto-generated *\/\n!function(d,l){\"use strict\";l.querySelector&&d.addEventListener&&\"undefined\"!=typeof URL&&(d.wp=d.wp||{},d.wp.receiveEmbedMessage||(d.wp.receiveEmbedMessage=function(e){var t=e.data;if((t||t.secret||t.message||t.value)&&!\/[^a-zA-Z0-9]\/.test(t.secret)){for(var s,r,n,a=l.querySelectorAll('iframe[data-secret=\"'+t.secret+'\"]'),o=l.querySelectorAll('blockquote[data-secret=\"'+t.secret+'\"]'),c=new RegExp(\"^https?:$\",\"i\"),i=0;i<o.length;i++)o[i].style.display=\"none\";for(i=0;i<a.length;i++)s=a[i],e.source===s.contentWindow&&(s.removeAttribute(\"style\"),\"height\"===t.message?(1e3<(r=parseInt(t.value,10))?r=1e3:~~r<200&&(r=200),s.height=r):\"link\"===t.message&&(r=new URL(s.getAttribute(\"src\")),n=new URL(t.value),c.test(n.protocol))&&n.host===r.host&&l.activeElement===s&&(d.top.location.href=t.value))}},d.addEventListener(\"message\",d.wp.receiveEmbedMessage,!1),l.addEventListener(\"DOMContentLoaded\",function(){for(var e,t,s=l.querySelectorAll(\"iframe.wp-embedded-content\"),r=0;r<s.length;r++)(t=(e=s[r]).getAttribute(\"data-secret\"))||(t=Math.random().toString(36).substring(2,12),e.src+=\"#?secret=\"+t,e.setAttribute(\"data-secret\",t)),e.contentWindow.postMessage({message:\"ready\",secret:t},\"*\")},!1)))}(window,document);\n\/\/# sourceURL=https:\/\/gimnasticdetarragona.cat\/wp-includes\/js\/wp-embed.min.js\n<\/script>\n","description":"Desde el 31 de octubre y hasta el 7 de noviembre la \u201cAssociaci\u00f3 de Ve\u00efns l\u2019Albalda\u201d de Tarragona presenta las Jornadas Socio-Culturales 2008. El objetivo principal se centra en tratar temas de actualidad como son la situaci\u00f3n de las personas con discapacidad, las dificultades de las familias sumidas en la crisis econ\u00f3mica, el futuro del [&hellip;]"}

Gimnàstic de Tarragona SAD

VI aniversario de la peña Passió Grana - Gimnàstic de Tarragona SAD

<blockquote class="wp-embedded-content" data-secret="217CJQoBLI"><a href="https://gimnasticdetarragona.cat/es/vi-aniversario-de-la-pena-passio-grana/">VI aniversario de la peña Passió Grana</a></blockquote><iframe sandbox="allow-scripts" security="restricted" src="https://gimnasticdetarragona.cat/es/vi-aniversario-de-la-pena-passio-grana/embed/#?secret=217CJQoBLI" width="600" height="338" title="«VI aniversario de la peña Passió Grana» — Gimnàstic de Tarragona SAD" data-secret="217CJQoBLI" frameborder="0" marginwidth="0" marginheight="0" scrolling="no" class="wp-embedded-content"></iframe><script>
/*! This file is auto-generated */
!function(d,l){"use strict";l.querySelector&&d.addEventListener&&"undefined"!=typeof URL&&(d.wp=d.wp||{},d.wp.receiveEmbedMessage||(d.wp.receiveEmbedMessage=function(e){var t=e.data;if((t||t.secret||t.message||t.value)&&!/[^a-zA-Z0-9]/.test(t.secret)){for(var s,r,n,a=l.querySelectorAll('iframe[data-secret="'+t.secret+'"]'),o=l.querySelectorAll('blockquote[data-secret="'+t.secret+'"]'),c=new RegExp("^https?:$","i"),i=0;i<o.length;i++)o[i].style.display="none";for(i=0;i<a.length;i++)s=a[i],e.source===s.contentWindow&&(s.removeAttribute("style"),"height"===t.message?(1e3<(r=parseInt(t.value,10))?r=1e3:~~r<200&&(r=200),s.height=r):"link"===t.message&&(r=new URL(s.getAttribute("src")),n=new URL(t.value),c.test(n.protocol))&&n.host===r.host&&l.activeElement===s&&(d.top.location.href=t.value))}},d.addEventListener("message",d.wp.receiveEmbedMessage,!1),l.addEventListener("DOMContentLoaded",function(){for(var e,t,s=l.querySelectorAll("iframe.wp-embedded-content"),r=0;r<s.length;r++)(t=(e=s[r]).getAttribute("data-secret"))||(t=Math.random().toString(36).substring(2,12),e.src+="#?secret="+t,e.setAttribute("data-secret",t)),e.contentWindow.postMessage({message:"ready",secret:t},"*")},!1)))}(window,document);
//# sourceURL=https://gimnasticdetarragona.cat/wp-includes/js/wp-embed.min.js
</script>

Desde el 31 de octubre y hasta el 7 de noviembre la “Associació de Veïns l’Albalda” de Tarragona presenta las Jornadas Socio-Culturales 2008. El objetivo principal se centra en tratar temas de actualidad como son la situación de las personas con discapacidad, las dificultades de las familias sumidas en la crisis económica, el futuro del [&hellip;]
